base 3?
-11
6 (base 16) to base 8
6
-70 (base 12) to base 5
-314
Convert -7 (base 14) to base 8.
-7
What is 10 (base 9) in base 4?
21
3 (base 14) to base 3
10
10 (base 3) to base 11
3
Convert -32 (base 6) to base 4.
-110
Convert 3 (base 16) to base 12.
3
What is -25 (base 7) in base 11?
-18
-24 (base 10) to base 13
-1b
-2 (base 15) to base 12
-2
What is -4 (base 14) in base 4?
-10
Convert -150 (base 8) to base 7.
-206
What is 286 (base 9) in base 7?
462
What is 22 (base 9) in base 2?
10100
What is -30 (base 5) in base 9?
-16
50 (base 8) to base 9
44
-13 (base 7) to base 14
-a
What is -12 (base 7) in base 9?
-10
What is -2 (base 16) in base 14?
-2
Convert 13 (base 15) to base 3.
200
-21 (base 6) to base 10
-13
Convert 10 (base 9) to base 10.
9
-10 (base 4) to base 7
-4
-10 (base 11) to base 13
-b
18 (base 14) to base 8
26
-20 (base 3) to base 13
-6
4 (base 5) to base 6
4
What is 68 (base 13) in base 3?
10012
Convert 6 (base 10) to base 8.
6
What is -3 (base 16) in base 13?
-3
What is 21 (base 13) in base 4?
123
Convert cb (base 15) to base 2.
10111111
What is 3 (base 4) in base 14?
3
-14 (base 14) to base 16
-12
What is 0 (base 6) in base 16?
0
Convert -100 (base 2) to base 10.
-4
What is -1c (base 16) in base 12?
-24
14 (base 10) to base 8
16
1 (base 16) to base 8
1
Convert -d (base 14) to base 9.
-14
Convert 12 (base 9) to base 13.
b
What is 8 (base 15) in base 7?
11
Convert -112 (base 6) to base 5.
-134
-2 (base 6) to base 16
-2
Convert 4 (base 5) to base 9.
4
Convert 91 (base 11) to base 2.
1100100
What is -1110 (base 2) in base 16?
-e
7 (base 12) to base 9
7
-254 (base 10) to base 9
-312
10 (base 5) to base 13
5
-15 (base 8) to base 10
-13
14 (base 9) to base 10
13
24 (base 8) to base 6
32
Convert -2 (base 3) to base 16.
-2
What is 24 (base 6) in base 11?
15
What is 0 (base 4) in base 5?
0
What is -101 (base 2) in base 3?
-12
Convert b3 (base 12) to base 5.
1020
What is 13 (base 7) in base 13?
a
Convert 8 (base 9) to base 11.
8
Convert -113 (base 12) to base 10.
-159
What is b (base 16) in base 3?
102
Convert -3 (base 7) to base 6.
-3
Convert 4 (base 9) to base 2.
100
1000 (base 2) to base 16
8
Convert -f (base 16) to base 6.
-23
Convert -209 (base 10) to base 12.
-155
What is 2 (base 14) in base 7?
2
Convert 40 (base 11) to base 14.
32
Convert 32 (base 5) to base 12.
15
What is 51 (base 13) in base 5?
231
Convert -3 (base 10) to base 7.
-3
-136 (base 16) to base 5
-2220
Convert 1213 (base 5) to base 3.
20210
Convert 1e (base 16) to base 10.
30
143 (base 7) to base 6
212
Convert 100 (base 2) to base 7.
4
What is 1222 (base 4) in base 5?
411
What is 543 (base 6) in base 13?
12c
1 (base 5) to base 7
1
-16 (base 13) to base 11
-18
What is 1 (base 14) in base 10?
1
What is 3 (base 6) in base 9?
3
-6 (base 8) to base 7
-6
-13 (base 8) to base 11
-10
Convert -212 (base 4) to base 7.
-53
Convert 15 (base 16) to base 3.
210
Convert -83 (base 13) to base 4.
-1223
Convert 42 (base 5) to base 15.
17
Convert -13 (base 8) to base 9.
-12
Convert -200 (base 7) to base 15.
-68
Convert 26 (base 13) to base 9.
35
What is -22 (base 7) in base 16?
-10
What is 1212 (base 3) in base 5?
200
Convert -9 (base 11) to base 9.
-10
Convert 1100 (base 2) to base 11.
11
3 (base 16) to base 14
3
-2 (base 5) to base 3
-2
Convert -8a (base 12) to base 13.
-82
-15 (base 8) to base 3
-111
What is 0 (base 7) in base 16?
0
-13 (base 7) to base 11
-a
0 (base 16) to base 5
0
Convert -141 (base 11) to base 12.
-11a
Convert 1 (base 7) to base 6.
1
-11 (base 4) to base 6
-5
Convert 13 (base 16) to base 10.
19
5 (base 9) to base 16
5
Convert -14 (base 5) to base 6.
-13
What is 39 (base 15) in base 16?
36
1 (base 12) to base 7
1
What is -2 (base 8) in base 7?
-2
Convert 3 (base 16) to base 3.
10
Convert 88 (base 12) to base 15.
6e
184 (base 9) to base 6
421
What is 3 (base 6) in base 12?
3
What is bf (base 16) in base 6?
515
Convert -520 (base 8) to base 7.
-660
What is 1211 (base 3) in base 2?
110001
-19 (base 11) to base 9
-22
Convert -a (base 16) to base 13.
-a
Convert 144 (base 5) to base 10.
49
What is 18 (base 16) in base 5?
44
What is 36 (base 15) in base 10?
51
Convert 19 (base 14) to base 6.
35
Convert 9 (base 15) to base 9.
10
39 (base 11) to base 4
222
-125 (base 7) to base 11
-62
What is 3 (base 12) in base 8?
3
2 (base 8) to base 16
2
-242 (base 5) to base 12
-60
-111 (base 8) to base 14
-53
5 (base 7) to base 10
5
-47 (base 10) to base 2
-101111
What is 91 (base 12) in base 7?
214
Convert 53 (base 13) to base 16.
44
Convert -100 (base 4) to base 12.
-14
What is 15 (base 6) in base 8?
13
Convert -1e (base 15) to base 8.
-35
100 (base 2) to base 10
4
1 (base 15) to base 12
1
-40 (base 8) to base 9
-35
Convert 3102 (base 5) to base 7.
1113
What is -3 (base 7) in base 6?
-3
Convert 7e (base 15) to base 11.
a9
Convert 8 (base 10) to base 8.
10
What is 2 (base 15) in base 2?
10
Convert 106 (base 10) to base 11.
97
-3014 (base 5) to base 8
-600
-2 (base 6) to base 5
-2
3 (base 15) to base 2
11
Convert -a (base 11) to base 7.
-13
-4 (base 16) to base 14
-4
Convert -123 (base 4) to base 3.
-1000
What is -3 (base 6) in base 12?
-3
Convert -181 (base 12) to base 3.
-22221
What is 18 (base 11) in base 4?
103
What is 1 (base 15) in base 4?
1
Convert -10 (base 3) to base 8.
-3
2 (base 10) to base 16
2
Convert 0 (base 14) to base 12.
0
What is -2131 (base 5) in base 2?
-100100011
-14 (base 11) to base 4
-33
a (base 11) to base 14
a
Convert 2 (base 5) to base 10.
2
What is -4 (base 6) in base 11?
-4
2 (base 15) to base 12
2
Convert -9 (base 12) to base 3.
-100
What is -9 (base 15) in base 14?
-9
Convert 113 (base 4) to base 16.
17
Convert -22211 (base 3) to base 12.
-17a
10211 (base 3) to base 5
403
Convert -1011 (base 2) to base 6.
-15
Convert 33 (base 16) to base 5.
201
Convert 2122 (base 3) to base 2.
1000111
Convert c9 (base 15) to base 3.
21000
10 (base 5) to base 15
5
What is -59 (base 12) in base 10?
-69
-4 (base 10) to base 7
-4
What is 0 (base 8) in base 13?
0
Convert -35 (base 10) to base 3.
-1022
3 (base 8) to base 15
3
Convert -48 (base 16) to base 9.
-80
-2 (base 5) to base 3
-2
-3d (base 16) to base 12
-51
Convert -2 (base 5) to base 12.
-2
-5 (base 15) to base 2
-101
0 (base 5) to base 3
0
Convert 3 (base 13) to base 5.
3
What is 3 (base 6) in base 7?
3
10 (base 2) to base 5
2
What is -2322 (base 5) in base 12?
-241
Convert 3 (base 7) to base 14.
3
What is 31 (base 12) in base 3?
1101
Convert 21 (base 5) to base 3.
102
Convert 3 (base 5) to base 11.
3
What is 5 (base 7) in base 15?
5
What is -205 (base 7) in base 13?
-7c
Convert 0 (base 9) to base 2.
0
What is 1113 (base 6) in base 16?
105
Convert 36 (base 12) to base 13.
33
-23 (base 4) to base 15
-b
What is -116 (base 14) in base 6?
-1000
-a (base 13) to base 7
-13
19 (base 11) to base 14
16
-38 (base 11) to base 8
-51
What is 106 (base 7) in base 6?
131
What is -12 (base 3) in base 16?
-5
What is -101010 (base 2) in base 14?
-30
What is -11 (base 4) in base 6?
-5
-2b (base 14) to base 9
-43
-38 (base 9) to base 14
-27
What is 78 (base 16) in base 10?
120
b (base 12) to base 14
b
What is 0 (base 3) in base 13?
0
What is 2 (base 14) in base 4?
2
16 (base 13) to base 15
14
What is 80 (base 13) in base 6?
252
What is -321 (base 4) in base 15?
-3c
Convert -2001 (base 4) to base 14.
-93
Convert 12110 (base 3) to base 12.
103
Convert 69 (base 10) to base 6.
153
What is 16 (base 15) in base 6?
33
-43 (base 5) to base 12
-1b
-6 (base 12) to base 8
-6
Convert -33 (base 12) to base 14.
-2b
Convert 1 (base 14) to base 12.
1
1110 (base 4) to base 8
124
Convert -4 (base 8) to base 15.
-4
-5 (base 8) to base 7
-5
-7 (base 14) to base 9
-7
Convert -1 (base 12) to base 3.
-1
What is -14 (base 11) in base 16?
-f
Convert -8 (base 14) to base 11.
-8
What is -10111 (base 2) in base 7?
-32
What is b (base 13) in base 10?
11
Convert -301 (base 8) to base 4.
-3001
What is -3b (base 13) in base 15?
-35
31 (base 8) to base 7
34
-111 (base 2) to base 6
-11
35 (base 12) to base 4
221
-6 (base 12) to base 3
-20
What is 235 (base 7) in base 9?
147
What is -3 (base 9) in base 13?
-3
Convert -122 (base 3) to base 4.
-101
-6 (base 16) to base 14
-6
Convert 7 (base 15) to base 11.
7
Convert 10 (base 7) to base 5.
12
What is 6 (base 12) in base 4?